) = -2*s**3 + 3*s**3 - s + 2 + 1. Determine f(r).
3
Suppose -3*m - b = 26, -m + 31 = -4*m - 2*b. Let f(a) = -a**2 - 6*a - 9. What is f(m)?
-16
Suppose q + 9 = -3*i, -3*q + 13 = -3*i - 8. Let a = q + 2. Let h(r) = -2*r + 5. Give h(a).
-5
Let j(i) = -3*i + 1. Let u = -5 + 11. Let s be (-12)/9 + u/(-9). Give j(s).
7
Let k(x) = x + x + 2*x. Give k(-1).
-4
Let c be -2*3/(3 - -3). Let k = -7 - c. Let l(y) = y**2 + 6*y + 7. Calculate l(k).
7
Suppose z - 4*v = -0*v + 19, 0 = 4*z + v - 8. Let d(m) = -m - m**2 - 1 - 2*m**3 - 3*m**3 + 12*m**z. Let o = 202 - 203. Calculate d(o).
-8
Let f(a) = -a**2 + 1. Let q = 4 + -3. Let v = q + 14. Suppose -v = 4*t + t. Give f(t).
-8
Let d(s) = -s**2 - s. Let q(m) = -1 + 2*m + 8 - 3*m. Let f be q(5). Suppose 0 = 3*z + 2*a + 10, -2*a = f*z - 4*z. Give d(z).
-2
Let j(d) = d**3 + 12*d**2 - 3. Let w be j(-12). Let h(p) = p**3 + 6*p**2 + p - 2. Determine h(w).
22
Let u(j) = -j - 1. Let z(o) = -8*o**2 + 4*o + 5. Let l(v) = -4*u(v) - z(v). Suppose y + 10 = -3*h, -h - 3*h - 10 = -2*y. Calculate l(y).
7
Let m(n) = -6*n**2 - 5*n + 4. Let u(y) = 5*y**2 + 4*y - 4. Let v(x) = 4*m(x) + 5*u(x). Let h(g) be the first derivative of v(g). Determine h(-3).
-6
Let c(v) = -12*v - 7. Let k(r) = -25*r - 15. Let x(g) = 9*c(g) - 4*k(g). Calculate x(-2).
13
Let z(o) = -o**2 - 9*o + 2. Let u(v) = v**2 + 10*v - 2. Let m(k) = -5*u(k) - 6*z(k). Determine m(-5).
3
Suppose s - 1 = 2. Let y be (s*3)/(9/6). Let g(m) = m**3 - 5*m**2 - 7*m + 6. Give g(y).
0
Let h(y) = -2*y + 12. Suppose -4*k = -a + 16 + 4, 3*k = -2*a - 15. Suppose a = o - 5*o + 32. Give h(o).
-4
Let q(r) = 3*r**3 - 4*r - 5. Let c(o) = -2*o**3 + 7*o**3 - 3 - 7 - 7*o. Let j(i) = 4*c(i) - 7*q(i). Calculate j(0).
-5
Let u = 14 - 11. Let q(a) = -3 - a**3 - u*a**3 + 5*a**3. What is q(0)?
-3
Let r(p) = 21*p - 11. Let b(z) be the third derivative of -z**4/6 + z**3/3 + 4*z**2. Let x(s) = 11*b(s) + 2*r(s). Suppose -m = 2*m + 6. What is x(m)?
4
Let c(z) = z - 5. Let t be ((-12)/(-7))/(4/14). Let h be c(t). Suppose 0 = x - h. Let w(g) = -6*g**2 + 2*g - 1. What is w(x)?
-5
Let p = -13 - -27. Let w(c) = -p*c**3 + 4*c + 0*c + 13*c**3 + c**2. Calculate w(3).
-6
Let h(a) = a**3 - a**2 + 3. Suppose 3*y = -8 - 1. Let f = 5 + y. Let i(g) = -g + 2. Let u be i(f). Calculate h(u).
3
Let i(q) be the second derivative of 1/12*q**4 - 2*q**2 - q + 0*q**3 - 1/20*q**5 + 0. Suppose c = 3*c. Determine i(c).
-4
Let u = -9 - -11. Let w(g) = 2*g**2 - 2*g - 2. Determine w(u).
2
Let p(n) = -n**2 + 4*n + 23. Let z be p(7). Let i(x) be the second derivative of 5/2*x**2 + 1/2*x**3 + 0 - 1/12*x**4 - z*x. Determine i(4).
1
Let j(q) = -5*q**3 - q**2 + 2*q - 1. Let b be ((-3)/9)/((-1)/12). Suppose -b*l - 2 = -g - 7, -4*g = -5*l + 9. What is j(l)?
-5
Let j = -6 - -4. Let w(c) be the third derivative of -1/24*c**4 + 0 - c**2 - 1/30*c**5 + 1/6*c**3 + 0*c. Give w(j).
-5
Let o(y) be the second derivative of y**5/20 + y**4/12 - y**3/6 + 3*y**2/2 - y. Let a be 455/(-143) + (-4)/(-22). Determine o(a).
-12
Let o(l) = -3*l**2 + 4*l + 6. Let n = -19 - -12. Let w(u) = -u**2 + u + 2. Let j(f) = n*w(f) + 2*o(f). Suppose -2*q + 6 = q. Determine j(q).
4
Suppose 10 = 5*g - 5. Let l be g - (-3 + 3/3). Let s = l - 0. Let n(q) = q - 2. Give n(s).
3
Let v(f) = -4*f**2 + 5*f**2 + 0*f + 3 + 6*f. Let r(c) = c**2 + 5*c - 1. Let o be r(-4). Give v(o).
-2
Suppose -3*t = 2*t + 40. Let i be (t/(-6))/4*6. Let j(q) = i*q - 7 + 3*q**2 + 1 + 4. Give j(-2).
6
Suppose 37 = -4*c + 2*n + 9, 5*n - 22 = 4*c. Let j(f) = -f**3 - 7*f**2 + 6*f - 10. What is j(c)?
6
Let y(j) = j**2 + 4*j. Let b be (-3)/12 - (-18)/8. Suppose 0*v + 8 = -b*v. Calculate y(v).
0
Let j be 3/4*(1 + 3). Let c(z) = 0*z**3 - 3 - 2*z + 4*z**j + z - 5*z**2 - 5*z**3. Give c(-5).
2
Let r(x) be the first derivative of x**4/12 + x**3/2 - 6*x - 10. Let l(h) be the first derivative of r(h). Calculate l(-3).
0
Let z(d) = 27 - 4*d - d - 26 + 4*d. Determine z(-6).
7
Let d(r) = 2*r**2 + r + 2. Let w(c) = -c**2 + 9*c - 16. Let p be w(7). Determine d(p).
8
Let b(l) = -2*l**3 + 4*l**2 - 2*l. Let w be ((-16)/28)/(2/(-7)). Give b(w).
-4
Let c(v) = 0*v**2 - 7*v + 7 - 13 + v**2. Give c(6).
-12
Let c(r) be the first derivative of -r**2 + 2*r + 9. Give c(-6).
14
Let m(c) = -c. Let u(x) = 6*x**2 - x + 1. Let w be u(1). What is m(w)?
-6
Let l(r) = -r**2 + 2*r - 3. Let g(b) = 4*b**2 - 10*b + 13. Let z(x) = 2*g(x) + 9*l(x). Suppose 0 = -2*o - s - 4, 2*o - 20 = 5*o - 2*s. Determine z(o).
-9
Let t(l) = 2*l**2 + l + 1. Let p be 2/(-3)*3*2. Let g(a) = 2*a - 4*a + 3 + 3*a. Let n be g(p). What is t(n)?
2
Let d(c) = c**3 + 5*c**2 + 4*c + 2. Let h be d(-4). Let t(z) = -z**2 + 4*z - 2*z**h - z**2 + 5*z**2 + 4. Determine t(-4).
4
Suppose 3*q - 10 - 2 = 0. Let x(r) = 1 - 2*r - r**2 + 0 + 6*r. What is x(q)?
1
Let c(g) = 1 + 1 - g + 3*g. Let m be (10/4)/((-1)/(-2)). Suppose 0*v - m*v = 10. What is c(v)?
-2
Let n(r) = 2. Let v(z) = z - 11. Let i(y) = -22*n(y) - 4*v(y). Give i(-4).
16
Let v be (-18)/48*10 + (-6)/(-8). Let h(u) = -u**2 - 5*u - 2. Calculate h(v).
4
Let n(a) = -a**3 - 4*a**3 + 7*a**3 + a - a**3 + 4. What is n(0)?
4
Suppose 2 = -n - c, 2*c = n + n + 24. Let m(y) = -y**2 - 6*y - 2. Determine m(n).
-9
Suppose -5*r = 3 - 18. Let w(v) = -v**2 - v + 1. Let d(p) = -p**3 - 4*p**2 - p + 6. Let b(h) = -d(h) + 5*w(h). Determine b(r).
5
Let l = 4 + -6. Let f(i) be the first derivative of -i**4/12 + i**3/6 - i**2 + 2*i - 2. Let b(u) be the first derivative of f(u). Calculate b(l).
-8
Let r = 1 - 4. Let f(c) be the second derivative of -c**5/20 - c**4/4 - 2*c**3/3 - 2*c**2 + 3*c. Give f(r).
8
Let w be (1/(-1))/(5/(-10)). Let f = w - 0. Let t(j) = j**3 - j**2 - j + 2. Determine t(f).
4
Let p be ((-4)/(-4))/(1/(-3)). Let b(i) be the first derivative of i**3/3 + i**2 - 1. Calculate b(p).
3
Let b(r) be the third derivative of 3*r**6/40 + 40*r**2. Calculate b(-1).
-9
Let z(d) be the second derivative of d**4/12 + d**3/2 - 2*d**2 + 3*d. What is z(-4)?
0
Let y(o) = 3*o + 6. Let x(j) = j. Let m(c) = 4*x(c) - y(c). Suppose -4*r - 3 = -3*r, 4*r + 32 = 4*l. Give m(l).
-1
Let o(q) be the first derivative of -q**3/3 + 2*q + 5. Determine o(0).
2
Suppose q + 4 + 2 = 0. Let r(a) = a**2 + 2*a - 8. Calculate r(q).
16
Suppose -3*l + 1 = -l - r, -r = 5*l - 6. Suppose 0 = a + l - 3. Let o(q) = 2*q**2 - 3*q - a + 2*q**2 - 8*q**2 + q**3. What is o(5)?
8
Suppose s + g - 5 = 0, -3*s - 2*g = s - 14. Let f(n) = n**3 + 6*n**2 - 4*n. Let q(w) = -w**3 - w**2 + w - 1. Let l(t) = f(t) + 2*q(t). Give l(s).
2
Let t(f) = f**2 - 7*f - 8. Let k(a) = 3*a**2 - 14*a - 15. Let h(u) = 2*k(u) - 5*t(u). What is h(-7)?
10
Let v(p) = -3 - 4 + 6 - 4*p + 5*p. Determine v(-4).
-5
Suppose -20 = -3*a + 8*a. Let f(c) = -c**2 + c + 4. Give f(a).
-16
Let q(p) = 3*p - 10. Let a be q(3). Suppose 0 = 2*h + 3*h - 15. Let f(t) = t**2 - t + 4 + 3*t - h. Give f(a).
0
Let r(v) = v**2 + v + 5*v + 117 - 113. What is r(-4)?
-4
Let y(h) be the first derivative of h**4/4 - 5*h**3/3 + h**2/2 - h + 4. Determine y(5).
4
Let o(i) = -i**3 + 3*i**2 + 2*i + 11. Let z(n) = -3*n**3 + 9*n**2 + 5*n + 31. Let v(u) = 11*o(u) - 4*z(u). Determine v(3).
3
Let d(f) be the second derivative of f**3/6 + f**2/2 + 17*f + 3. Calculate d(-5).
-4
Let q(m) be the first derivative of 1/3*m**3 + 9*m - 9 - 1/2*m**2. Give q(0).
9
Let t(q) = -2*q + 1. Let i(z) = -3*z - 4. Let j(c) = c - 1. Let k(n) = i(n) + 2*j(n). Let d be 6/((-1)/2*3). Let y be k(d). Calculate t(y).
5
Suppose -7*u + 6 = -4*u. Let b(v) = 2*v + v + 0*v. Determine b(u).
6
Suppose 7 = -3*a + 22. Let k(o) = -o - 2. Let x(m) = m + 2. Let r(p) = a*k(p) + 6*x(p). What is r(-2)?
0
Let s(r) = -r + 3. Let t be 3 - ((-8)/(-1) + -1). Calculate s(t).
7
Suppose 5*a = 16 - 46. Let q = a - -9. Let k(u) = 6*u - 14. Let z(m) = -2*m + 5. Let j(n) = -3*k(n) - 8*z(n). Calculate j(q).
-4
Let u(b) = -13*b - 3. Let j(p) = 40*p + 10. Let f(z) = 2*j(z) + 7*u(z). Calculate f(-1).
10
Suppose j = -j. Let y(u) = j*u + u - 1 + u**2 + u - 4. Let v = -10 + 6. Give y(v).
3
Let d(o) = o**3 + 12*o**2 - 12*o + 19. Let g be d(-13). Let f(c) = -c**3 + 5*c**2 + 7*c - 9. What is f(g)?
-3
Let o(b) = b**2 - 2. Let m be 2/1 - 9/3. Let v(c) = -c**3 - 4*c**2 + 6*c + 4. Let z be v(-5). Let r = z - m. Give o(r).
-2
Let h be (3 - 13)*(-1)/2. Let t(f) = -f**3 + 6*f**2 - 7*f + 5. Calculate t(h).
-5
Let k(u) = -